2 - 3638*h + 142. What is v(-52)?
38
Let r(a) = a**3 - 237*a**2 - 1209*a + 46. Calculate r(242).
288
Let t(o) = o**3 - 34*o**2 - 671*o + 23313. Calculate t(33).
81
Let g(c) = 3*c**2 + 337*c + 3516. Determine g(-11).
172
Let v(o) = -5197*o + 114327. Calculate v(22).
-7
Let a(g) = -200125*g + 6804288. What is a(34)?
38
Let i(h) = -382*h - 16803. Give i(-44).
5
Let x(l) = -7*l**2 - 474*l - 321. Calculate x(-67).
14
Let u(o) = -17*o**2 - 56*o + 323. Give u(3).
2
Let o(g) = -162142*g - 3567150. Calculate o(-22).
-26
Let n(i) = -i**3 - 326*i**2 + 3327*i + 10. Give n(10).
-320
Let f(d) = -d**2 + 80*d + 82466. Calculate f(330).
-34
Let k(p) = -1830*p + 10998. Calculate k(6).
18
Let i(g) = 23*g**2 - 458*g - 911. What is i(22)?
145
Let b(y) = -315*y + 5554. Calculate b(15).
829
Let a(m) = -m**2 - 65*m - 959. What is a(-25)?
41
Let d(h) = -h**2 - 139*h + 3541. What is d(22)?
-1
Let k(j) = -5475*j + 585825. Determine k(107).
0
Let t(q) = -2*q**3 + 556*q**2 - 1105*q - 58. Determine t(276).
-334
Let l(w) = -355711*w + 1067135. Determine l(3).
2
Let p(u) = 7640*u - 488861. Determine p(64).
99
Let m(t) = -t**3 - 141*t**2 + 3*t + 691. Give m(-141).
268
Let l(q) = -163*q - 16250. Give l(-101).
213
Let x(h) = -13*h**2 + 131*h + 728. What is x(14)?
14
Let j(f) = 14774*f**2 - 59099*f + 12. Determine j(4).
0
Let b(y) = -9*y**3 + 160*y**2 - 81*y - 396. Calculate b(2).
10
Let l(w) = 2*w**3 + 463*w**2 + 289*w + 13361. Determine l(-231).
-37
Let r(l) = -l**2 - 830*l + 39782. What is r(46)?
-514
Let d(q) = -32*q**2 - 1755*q + 175. Give d(-55).
-100
Let p(f) = -3*f**2 + 1461*f + 24224. What is p(-16)?
80
Let g(z) = -5*z**3 + 133*z**2 + 60*z - 76. Give g(27).
86
Let r(f) = -10*f**2 - 157*f + 400. What is r(-18)?
-14
Let v(f) = 2393*f + 171558. Give v(-72).
-738
Let h(q) = -q**2 - 12560*q + 87965. Determine h(7).
-4
Let s(m) = 10*m**2 - 133*m - 1150. Give s(-6).
8
Let s(q) = -4100*q + 45098. Determine s(11).
-2
Let n(i) = 356*i - 70767. Give n(190).
-3127
Let o(b) = -b**3 + 216*b**2 - 155*b - 12963. Determine o(215).
-63
Let g(z) = -3*z**3 + 302*z**2 - 5684*z + 170. What is g(25)?
-55
Let z(g) = 2*g**3 - 185*g**2 + 1021*g - 20174. Calculate z(88).
-22
Let h(j) = -27398*j - 2328837. Give h(-85).
-7
Let o(w) = 48704*w - 438372. Calculate o(9).
-36
Let d(l) = l**2 - 2881*l - 17275. Determine d(-6).
47
Let g(j) = j**2 - 281*j + 18181. What is g(101)?
1
Let g(t) = 4640*t - 1554422. Determine g(335).
-22
Let r(a) = -82*a**2 - 3936*a - 19. Determine r(-48).
-19
Let x(i) = -6700*i + 368523. What is x(55)?
23
Let m(y) = 8*y**3 - 7*y**2 - 691*y - 1361. Determine m(-2).
-71
Let l(r) = -7*r**2 + 340*r - 1225. What is l(44)?
183
Let t(g) = -118*g**2 - 40*g - 25. Give t(-1).
-103
Let j(l) = -759*l - 56227. Calculate j(-74).
-61
Let w(l) = -6*l**2 + 76*l + 978. Determine w(-8).
-14
Let y(b) = -6763*b + 60999. Give y(9).
132
Let a(j) = 21*j**3 - 3*j**2 - 3*j + 8. Calculate a(-3).
-577
Let l(n) = -n**3 - 81*n**2 - 522*n - 23. Give l(-7).
5
Let p(b) = 8298*b + 58004. Calculate p(-7).
-82
Let g(u) = 3526*u + 4006. Give g(-1).
480
Let f(s) = -s**2 + 931922*s - 4659605. Determine f(5).
-20
Let l(j) = -105629*j + 10668551. Determine l(101).
22
Let o(l) = 2*l**3 - 65*l**2 + 76*l + 665. Determine o(31).
138
Let r(m) = -82*m**2 + 1135*m - 1307. Calculate r(13).
-410
Let h(u) = -2*u**2 + 119*u - 1967. Calculate h(24).
-263
Let f(b) = -2*b**3 + 122*b**2 - 537*b - 6750. Give f(55).
15
Let w(q) = -q**3 + 9*q**2 + 176*q - 1436. Calculate w(15).
-146
Let a(v) = -341*v - 5796. Determine a(-17).
1
Let m(x) = 25*x**2 - 135*x + 21. Calculate m(8).
541
Let z(o) = 1369*o**3 - 2*o**2 + 46*o - 45. What is z(1)?
1368
Let f(p) = 5*p**3 + 77*p**2 - 27*p - 196. What is f(-15)?
659
Let l(x) = x**3 - 22*x**2 - 398*x - 399. Calculate l(-11).
-14
Let i(b) = b**2 - 25890*b - 725687. Give i(-28).
17
Let r(d) = -209*d**3 - 3552*d**2 - 11*d - 474. What is r(-17)?
2
Let o(d) = 106*d**2 - 828*d + 342. Determine o(8).
502
Let y(v) = -1507*v**2 + 4390*v + 390. Give y(3).
-3
Let l(f) = -12057*f - 602860. Calculate l(-50).
-10
Let v(o) = -40*o**3 + 2*o**2 - 699. Calculate v(0).
-699
Let p(d) = 5093*d**2 - 106953*d - 22. Determine p(21).
-22
Let m(p) = -4*p**2 - 2375*p - 16623. Give m(-7).
-194
Let c(k) = k**3 + 17*k**2 - 9*k + 67. Calculate c(-13).
860
Let x(m) = m**3 + 68*m**2 + 433*m + 48. Determine x(-7).
6
Let z(n) = 382*n - 23373. Give z(62).
311
Let l(a) = 86*a**2 + 6705*a - 59419. What is l(-86)?
7
Let a(g) = 11*g**3 + 10*g**2 - 2*g + 13. What is a(3)?
394
Let b(s) = 12*s**2 + 2005*s + 181. What is b(-167)?
14
Let n(t) = -3*t**3 - 24*t**2 + 180*t - 192. Give n(-13).
3
Let i(q) = -21*q**2 + 40219*q + 201621. What is i(-5)?
1
Let w(j) = 27203*j + 5. What is w(0)?
5
Let c(j) = -5*j**2 + 1460*j + 13497. Calculate c(-9).
-48
Let r(i) = -173*i**3 + 10502*i + 31505. What is r(-3)?
4670
Let r(c) = -277561*c + 1387804. Determine r(5).
-1
Let v(a) = -249*a + 19036. Determine v(78).
-386
Let v(h) = 241*h + 10099. Calculate v(-42).
-23
Let r(b) = b**2 + 158*b - 5230. Calculate r(28).
-22
Let y(c) = 12*c**3 - 29*c**2 - 28*c + 77. Calculate y(2).
1
Let c(z) = -z**2 + 1759*z + 135774. Calculate c(-74).
132
Let j(v) = -2*v**3 - 63*v**2 + 1034*v + 122. Give j(12).
2
Let h(m) = -m**3 + 22*m**2 + 377*m - 8184. What is h(22)?
110
Let a(l) = -7285*l + 517235. What is a(71)?
0
Let x(d) = 5*d**3 + 16*d**2 - 59*d - 74. Give x(-6).
-224
Let j(n) = -n**2 + 103*n + 5293. Give j(141).
-65
Let l(p) = -p**3 + 31*p**2 - 14*p + 128. What is l(14)?
3264
Let p(g) = -g**3 + 293*g**2 + 24102*g - 1235. Calculate p(-67).
-29
Let d(o) = 33*o - 1197. Give d(-37).
-2418
Let x(s) = -5980814*s + 53827326. What is x(9)?
0
Let d(i) = -166*i**2 + 1149*i + 1145. Calculate d(-1).
-170
Let s(g) = -82663*g - 3223858. Determine s(-39).
-1
Let i(k) = -367*k - 59464. Calculate i(-162).
-10
Let s(q) = 59030*q - 235515. Determine s(4).
605
Let k(t) = -t**3 - 4*t**2 + 826*t + 4911. Calculate k(-6).
27
Let n(y) = -3285*y + 627435. Determine n(191).
0
Let x(r) = -42*r - 518. What is x(-11)?
-56
Let u(x) = -4*x**2 + 401*x - 9906. What is u(44)?
-6
Let l(w) = w**3 + 46*w**2 + 800*w + 7729. What is l(-27)?
-20
Let h(p) = -653*p + 83575. Give h(128).
-9
Let x(i) = 10827*i + 1136826. Calculate x(-105).
-9
Let c(p) = 89*p + 2078. What is c(-28)?
-414
Let r(f) = 5*f**2 - 358*f. Give r(81).
3807
Let y(t) = 13*t**2 - 1334*t + 32717. Give y(62).
-19
Let k(r) = 57164*r - 342976. What is k(6)?
8
Let r(w) = -208*w**2 - 1687*w - 165. Calculate r(-8).
19
Let y(w) = -838*w + 20953. What is y(25)?
3
Let a(i) = -16*i + 376. Give a(-7).
488
Let i(f) = 242*f - 5462. Determine i(23).
104
Let n(t) = t**3 - 292*t**2 + 6*t - 891. Give n(0).
-891
Let i(o) = -981*o - 5906. What is i(-6)?
-20
Let h(n) = -2*n**3 + 34*n**2 + 31*n - 333. Give h(18).
-423
Let s(i) = 77046*i - 385217. Calculate s(5).
13
Let u(z) = 4*z**3 - 130*z**2 + 23*z + 1294. What is u(32)?
-18
Let t(w) = 12356*w + 160563. Determine t(-13).
-65
Let f(i) = -394040*i + 4334432. Give f(11).
-8
Let c(n) = 7*n**3 - 411*n**2 + 299*n - 531. Calculate c(58).
-9
Let o(n) = 1665*n + 156565. Determine o(-94).
55
Let f(o) = 4*o**3 + 22*o**2 + 158*o + 560. What is f(-4)?
24
Let a(p) = -17*p**2 - 815*p - 219. Calculate a(-48).
-267
Let w(r) = 1873*r + 11556. Determine w(-4).
4064
Let f(b) = 2*b**3 + 62*b**2 + 31*b + 10860. Give f(-35).
-25
Let p(n) = -n**3 + 314*n**2 - 23128*n - 1. Calculate p(196).
-1
Let f(p) = 3*p**2 - 65*p - 1536. What is f(31)?
-668
Let o(w) = -2*w**2 + 136*w - 2478. Give o(48).
-558
Let a(h) = h**3 + 456*h**2 + 37825*h + 671. What is a(-347)?
-23
Let z(b) = -14*b**2 + 801*b - 3991. What is z(5)?
-336
Let w(j) = -4562*j + 52446. Calculate w(11).
2264
Let u(p) = -547*p - 69556. What is u(-130)?
1554
Let p(g) = -g**3 + 3186*g**2 - 119831*g + 651641. Determine p(3148).
5
Let i(b) = 2*b**2 + 1508*b - 19942. Calculate i(13).
0
Let p(z) = -29*z**2 + 175*z - 60. What is p(0)?
-60
Let p(l) = l**3 - 1223*l + 13713. Give p(13).
11
Let p(i) = -1160*i - 10675. What is p(-9)?
-235
Let x(n) = n**2 - 2025*n + 212415. Calculate x(111).
-39
Let h(d) = 2*d**3 - 59*d**2 - 394*d + 13401. What is h(28)?
17
Let z(k) = -k**2 + 6*k + 3255. Determine z(-54).
15
Let i(f) = f**3 + 25*f**2 + 930*f + 16643. What is i(-20)?
43
Let k(j) = -1473*j - 57576. W